 6. Let i = g + -3. Let y(b) = -4*b**2 + 1. Calculate y(i).
-3
Suppose 2*w - 20 = 2*g, 3*g - w = -4*w. Suppose 2*x + 28 + 9 = -5*c, 4*x = -4*c - 20. Let r = c - g. Let a(b) = -2*b - 6. Determine a(r).
2
Let y(v) = -5*v - 2. Let r(a) = a + 1. Let w(z) = 3*r(z) + y(z). What is w(5)?
-9
Suppose 2*s = 3*y + 18, s - 4*y = y + 23. Suppose 0 = z + 5*l + 14, -6 - 7 = -4*z + s*l. Let p(c) = -3*c**3 + 1. Determine p(z).
-2
Let o(s) = -s - 5. Let d(w) = -2*w + 3. Let f(b) = -3*b + 4. Let g(k) = 4*d(k) - 3*f(k). Let l be g(6). Let p be 0*(-2)/l*-1. Calculate o(p).
-5
Let g = 14 - 14. Let h(i) = -4*i**2 - 5*i + 1. Let s(l) = -l**2 - l. Suppose 2*p = 3*p - 1. Let u(t) = p*h(t) - 5*s(t). Calculate u(g).
1
Let v(b) be the third derivative of -b**6/120 + b**5/15 - b**4/12 - b**3/3 + b**2. Give v(2).
2
Let m(l) be the third derivative of l**4/12 - 7*l**3/6 + 42*l**2. Calculate m(5).
3
Let x be 2 - (7/1 + 0). Suppose -b = 7*c - 4*c - 3, -b = -3*c + 9. Let i = x + c. Let o(n) = -n + 1. Calculate o(i).
4
Suppose -2*o + 1 = -3. Let c(x) = -1 - 20*x**2 + o*x + x**3 - 2*x - 2*x + 19*x**2. Give c(2).
-1
Let t(x) be the third derivative of -1/24*x**5 + 0*x + 1/6*x**3 - 3*x**2 + 1/180*x**6 + 0 + 1/8*x**4. Let k(m) be the first derivative of t(m). What is k(3)?
6
Let w(z) = 2*z**3 + 4*z**2 + 2*z. Let l be w(-2). Let n be ((-10)/l)/((-4)/8). Let t(d) = d**3 - 2*d**3 + 6 + d - 4*d**2 + 4*d. What is t(n)?
6
Let w(s) = s**2 + 4. Let y be w(0). Let o be 62/22 + y/22. Let d(r) be the third derivative of -r**5/60 + 5*r**4/24 - 2*r**3/3 - r**2. What is d(o)?
2
Let h be -20*(12/8 - 2). Suppose -h*u + 8*u = 12. Let n(m) = 4*m + m**3 - 4 + 2 - 2 + 7*m**2. Determine n(u).
8
Let r(y) be the second derivative of 0 - 1/6*y**3 + 0*y**2 - 3*y - 1/12*y**4. Let l(b) = b**3 - 7*b**2 - 8*b + 2. Let v(a) = -l(a) + 5*r(a). Give v(3).
-2
Let p(g) = -6*g + 1. Suppose -5*b + 3*d = -d + 21, 2*b + 5*d = 18. Suppose 0 = q + q - 5*k - 8, 2*k = 4*q + 16. Let l be q/(3*b) + -1. Calculate p(l).
-5
Let a(n) be the first derivative of 5/2*n**2 + 4/3*n**3 - 1/4*n**4 - 3*n + 1. Let h be (-6)/4*(-210)/63. Give a(h).
-3
Let x(b) = b**3 - 6*b**2 + 4*b + 1. Let u be ((-3 - 0) + 12)/1. Suppose i = -k - 4*i - 3, -5*i = -2*k + u. Suppose 0*g = -k*g + 10. Determine x(g).
-4
Let q be -8*(-30)/12*(-1)/(-5). Let u(w) = w**3 - 3*w**2 + w - 1. Give u(q).
19
Let t(h) = 3. Let r(o) = o - 5. Let w(b) = 3*r(b) + 5*t(b). Suppose -3*y + 3*v - 6 = -0*v, 0 = 4*v. Determine w(y).
-6
Let l(p) = p - 9. Let y(u) = -1. Let c(n) = -2*l(n) + 22*y(n). Let t(w) = -w + 5. Let z be t(9). Let g be c(z). Let x(i) = -2*i + 2. What is x(g)?
-6
Suppose -4*k + 33 = 5*l, l = -0*k - 3*k. Let p(o) = -3 + l - 3*o**2 + 7*o + 4*o**2. Give p(-6).
0
Let f(g) = g**3 + 22 - 11*g**2 - 22 - 13 + 11*g. Calculate f(10).
-3
Let d(k) be the second derivative of 2*k + 5/2*k**2 + 0 + 1/6*k**3 - 1/12*k**4. Let j = 1 - 1. Calculate d(j).
5
Let q(m) = -2*m - 3. Let o = 0 + -7. Give q(o).
11
Let u(t) = -t**2 + 5*t - 5. Let g = 5 + -14. Let p = -3 + 17. Let b = g + p. What is u(b)?
-5
Let x(o) = 5*o + 1. Let l be x(1). Let s(y) = y + l - y - y. What is s(6)?
0
Let j(h) = -5*h - 6. Let l(a) = -4*a - 5. Let v(p) = 2*j(p) - 3*l(p). Let w(c) = 4*c + 6. Let x(s) = 13*v(s) - 6*w(s). Let g = 0 - -3. Calculate x(g).
9
Let p(d) = -7*d + 21. Let q(h) = -1. Let k(v) = -2*v - 1. Let z(t) = -k(t) + 6*q(t). Let r(y) = 5*p(y) + 21*z(y). Give r(-1).
-7
Let h(x) = -x**3 - 4*x**2 - 2*x - 2. Let a be (-1 - (1 + -2)) + 9. Suppose s = -2*s - a. Determine h(s).
-5
Let w(k) = -6*k + 23*k - 18*k - 11. Calculate w(-12).
1
Let v(c) be the first derivative of -c**2/2 + 9*c + 23. Determine v(7).
2
Let a(u) = -u + 2. Suppose -l - 9 = -15. Determine a(l).
-4
Let m be -2 + 4/8*-2. Let t be -2*(-3 + 6) - m. Let u(k) = -2*k**2 - 4*k - 2. Let c(p) = -p**2 - 2*p - 1. Let g(x) = 5*c(x) - 2*u(x). Calculate g(t).
-4
Let n(s) = -s**2 + 3*s + 2. Let w = 4 - 4. Suppose w = -p - 3*p + 20. Calculate n(p).
-8
Let r(h) = -38 + h**2 + 38 + 7*h. Give r(-7).
0
Let j(b) = -b**3 - 3*b**2 + 6*b + 3. Let o(v) be the second derivative of v**5/20 + v**4/12 + v**3/6 + v**2 - 2*v. Let m be o(-2). Give j(m).
-5
Let u(c) = 3*c - 4. Let v be u(3). Suppose -2*d - 1 = -7. Let t(x) = 0*x - d*x + 4*x. Give t(v).
5
Let p(o) = -10*o**2 + 4*o**2 - o**3 + 3712 - 3709. Determine p(-6).
3
Let p(y) = y**3 - 4*y**2 + 3*y - 4. Let v(k) = 4*k - 3. Let b be v(2). Suppose -4*g = -b - 7. What is p(g)?
-4
Let v(m) = -2*m**2 + 2*m. Let c(i) = -i + 8. Let z be c(7). Let k = -6 + 9. Suppose 2*j = k + z. Calculate v(j).
-4
Let t(o) = 3*o - 9. Let u(d) = -d + 3. Let v(q) = 2*t(q) + 7*u(q). Suppose 5 = -5*g + 5*j, -2 - 3 = -5*g + 3*j. Calculate v(g).
-1
Let i(d) be the first derivative of 2 + d - 1/2*d**2. Let y be (6/(-4))/((-6)/8). What is i(y)?
-1
Let p be (-91)/(-42) - 1/6. Let n(i) = -15*i - 6*i + 2 + i**p + 18*i. Determine n(3).
2
Let q = 32 + -29. Let s(k) = -k**2 + 3*k - 2. Determine s(q).
-2
Let z(t) = 9*t + 1. Let u be (-6 - -3)/(-3) + -2. What is z(u)?
-8
Let i(p) = -p**2 - 2*p + 4. Let r(t) = 2*t**2 + 5*t - 9. Let j(m) = 5*i(m) + 3*r(m). Give j(-6).
-1
Suppose 4*v - 9 = -1. Suppose 14 = 3*o - j, 0*o - v = o + j. Let u(g) = g + 1. Let x(k) = 2*k + 1. Let q(d) = -6*u(d) + 5*x(d). Calculate q(o).
11
Let u(r) = 7*r + 4. Let o be -1 + 0 + (-11 - -9). Give u(o).
-17
Suppose 4*v + 1 = 21. Let o(g) be the first derivative of 7/2*g**2 + 1 - 1/3*g**3 - 5*g. Determine o(v).
5
Suppose 0 = -2*x + 3*x + 4, 0 = 4*y + 5*x + 12. Suppose -6*h - 19 = -y*h + 5*d, 2*d = -4*h - 10. Let l(i) = -8*i**2 - i - 1. What is l(h)?
-8
Let m(g) = -3*g - 6. Let w(h) = -16*h - 29. Let n(s) = 11*m(s) - 2*w(s). What is n(-6)?
-2
Let z(g) = g**2 - 4*g + 6. Suppose -n - n = -10. Calculate z(n).
11
Let i(o) be the third derivative of -5*o**4/24 + o**3/2 + 13*o**2. Let w be (4 - 1) + (-1 - 0). What is i(w)?
-7
Let a(g) = g**3 - 6*g**2 - g + 4. Let j be a(6). Let f(h) = -2*h**3 - 4*h**2 - 4*h - 2. Calculate f(j).
6
Suppose -19 = -4*d - 7. Suppose 0 = -d*t + 5 + 4. Let l be (-6)/4*2/t. Let p(j) = -5*j**3 + j + 1. Determine p(l).
5
Let z(a) = 9*a**2 + 1 - 3*a - 5*a**2 - 5*a**2 - 3*a. Suppose 7 = -2*l - j, -4*l - 14 = -j + 3. Give z(l).
9
Let d = 7 - 8. Let v(u) = 3*u**2 - 2*u - 1. What is v(d)?
4
Let l(u) = u**3 + 5*u**2 + 5*u - 1. Suppose -5*p = -0*p - 20. Let i be (30/(-4))/((-1)/2). Suppose p*a + i = f, -3*a - 13 = -4*f + 5*f. Determine l(a).
-5
Suppose w + 0*w - 5*h = 21, -3*h - 31 = 4*w. Let j(z) = -z**2 + z + 1. Let s(b) = -b**3 + b**2 - 3*b + 1. Let l(k) = 5*j(k) + s(k). Give l(w).
-2
Let x(k) = -5*k**2 + 9*k + 1. Let l(n) = -6*n**2 + 10*n + 2. Let m(p) = -4*l(p) + 5*x(p). What is m(4)?
1
Let x(z) = -12*z**2 + 10*z + 3. Let f(j) = -11*j**2 + 9*j + 3. Let n(v) = 6*f(v) - 5*x(v). What is n(-2)?
-29
Suppose 2*g = 3*g - 3*d + 9, -5*g + d - 59 = 0. Let s = g + 15. Let f(l) = 2*l - 3. What is f(s)?
3
Let v(o) = 0 - o**3 - 323*o + 4 + 322*o + 3*o**2. What is v(3)?
1
Let g(i) = i - 8. Suppose -13 - 32 = -3*u. Let o(z) = z - 18. Let m be o(8). Let r = m + u. Determine g(r).
-3
Suppose 5*q + 23 - 8 = 0. Let o(x) = -x**2 - 4*x - 4. What is o(q)?
-1
Let q(j) = -j**2 + 4*j - 5. Let y be q(5). Let w be 5/y - (-2)/4. Let m(g) = -3*g - 2. Let f(l) = -4*l - 3. Let x(t) = 4*f(t) - 5*m(t). Calculate x(w).
-2
Let i be (1 - 3) + -7 + 7. Let j(b) = 5*b + 2 - 6*b**2 + 2*b**2 + 3*b**2 - 7*b. Give j(i).
2
Let b be (-9)/3*(-8)/6. Suppose n = -2*n + 9. Let f(z) = -10*z + 1 + 2*z**n - z**3 + b*z**2 + 6*z. What is f(-5)?
-4
Let v(k) = -7*k**3 - 8*k**2 + 6*k + 6. Let l(j) = -6*j**3 - 7*j**2 + 5*j + 5. Let p(q) = -6*l(q) + 5*v(q). Let y be 16/12*(-3)/2. Determine p(y).
0
Let k(b) be the first derivative of 3/2*b**2 - 6*b + 6. Suppose -5*o - 20 = -5*g, -4*g + 16 = -2*o + 4*o. Give k(g).
6
Let u = -51 - -49. Let z(w) = -w**2 - 2*w - 3. What is z(u)?
-3
Suppose 16 = 6*w - 8*w + 4*j, 12 = 4*j. Let v(m) = -2*m**3 - 2*m**2 - 2*m - 1. Calculate v(w).
11
Let u(t) = -2*t**3 - t**2 - 2*t - 3. Let w(p) = p + 5. Let d be w(-7). Give u(d).
13
Let v(u) be the third derivative of u**5/60 - u**4/8 + u**3/3 - 4*u**2. Let h be v(3). Let o(j) = -4 + 2 + j**h - 3*j - 1 + 0*j**2. Give o(3).
-3
Let i(d) = -9*d**2 - 4 - 10*d - 11 + 4 - d**3. Determine i(-8).
5
Let p(o) be the third derivative of 1/60*o**6 + 0*o + 3*o**2